{"id":9,"date":"2011-09-13T12:11:45","date_gmt":"2011-09-13T12:11:45","guid":{"rendered":"http:\/\/www.burritabike.com\/?page_id=9"},"modified":"2023-01-15T16:02:23","modified_gmt":"2023-01-15T16:02:23","slug":"bicicletas","status":"publish","type":"page","link":"https:\/\/www.burritabike.com\/?page_id=9","title":{"rendered":"NUESTRAS MARCAS"},"content":{"rendered":"\n<p>La exclusividad de nuestras marcas<strong> nos permite garantizar a nuestros clientes servicios y productos&nbsp; l\u00edderes en el sector del ciclismo.<\/strong><\/p>\n\n\n\n<p>Apostamos por marcas que trabajan constantemente en la mejora y renovaci\u00f3n de sus productos y servicios para garantizar la satisfacci\u00f3n de nuestros clientes<\/p>\n\n\n\n<figure class=\"wp-block-image size-full\"><a href=\"https:\/\/www.burritabike.com\/wp-content\/uploads\/2021\/02\/Imagen5.png\"><img decoding=\"async\" loading=\"lazy\" width=\"927\" height=\"693\" src=\"https:\/\/www.burritabike.com\/wp-content\/uploads\/2021\/02\/Imagen5.png\" alt=\"\" class=\"wp-image-10265\" srcset=\"https:\/\/www.burritabike.com\/wp-content\/uploads\/2021\/02\/Imagen5.png 927w, https:\/\/www.burritabike.com\/wp-content\/uploads\/2021\/02\/Imagen5-300x224.png 300w, https:\/\/www.burritabike.com\/wp-content\/uploads\/2021\/02\/Imagen5-768x574.png 768w\" sizes=\"(max-width: 927px) 100vw, 927px\" \/><\/a><\/figure>\n","protected":false},"excerpt":{"rendered":"<p>La exclusividad de nuestras marcas nos permite garantizar a nuestros clientes servicios y productos&nbsp; l\u00edderes en el sector del ciclismo. Apostamos por marcas que trabajan constantemente en la mejora y renovaci\u00f3n de sus productos y servicios para garantizar la satisfacci\u00f3n de nuestros clientes<\/p>\n","protected":false},"author":1,"featured_media":0,"parent":0,"menu_order":0,"comment_status":"closed","ping_status":"closed","template":"","meta":{"_mi_skip_tracking":false,"_themeisle_gutenberg_block_has_review":false},"yoast_head":"<!-- This site is optimized with the Yoast SEO plugin v19.14 - https:\/\/yoast.com\/wordpress\/plugins\/seo\/ -->\n<title>NUESTRAS MARCAS - Burrita Bike Store<\/title>\n<meta name=\"robots\" content=\"index, follow, max-snippet:-1, max-image-preview:large, max-video-preview:-1\" \/>\n<link rel=\"canonical\" href=\"https:\/\/www.burritabike.com\/?page_id=9\" \/>\n<meta property=\"og:locale\" content=\"es_ES\" \/>\n<meta property=\"og:type\" content=\"article\" \/>\n<meta property=\"og:title\" content=\"NUESTRAS MARCAS - Burrita Bike Store\" \/>\n<meta property=\"og:description\" content=\"La exclusividad de nuestras marcas nos permite garantizar a nuestros clientes servicios y productos&nbsp; l\u00edderes en el sector del ciclismo. Apostamos por marcas que trabajan constantemente en la mejora y renovaci\u00f3n de sus productos y servicios para garantizar la satisfacci\u00f3n de nuestros clientes\" \/>\n<meta property=\"og:url\" content=\"https:\/\/www.burritabike.com\/?page_id=9\" \/>\n<meta property=\"og:site_name\" content=\"Burrita Bike Store\" \/>\n<meta property=\"article:publisher\" content=\"https:\/\/www.facebook.com\/Burrita-Bike-175649685843399\/\" \/>\n<meta property=\"article:modified_time\" content=\"2023-01-15T16:02:23+00:00\" \/>\n<meta property=\"og:image\" content=\"https:\/\/www.burritabike.com\/wp-content\/uploads\/2021\/02\/Imagen5.png\" \/>\n<meta name=\"twitter:card\" content=\"summary_large_image\" \/>\n<meta name=\"twitter:site\" content=\"@burritabike\" \/>\n<meta name=\"twitter:label1\" content=\"Tiempo de lectura\" \/>\n\t<meta name=\"twitter:data1\" content=\"1 minuto\" \/>\n<script type=\"application\/ld+json\" class=\"yoast-schema-graph\">{\"@context\":\"https:\/\/schema.org\",\"@graph\":[{\"@type\":\"WebPage\",\"@id\":\"https:\/\/www.burritabike.com\/?page_id=9\",\"url\":\"https:\/\/www.burritabike.com\/?page_id=9\",\"name\":\"NUESTRAS MARCAS - Burrita Bike Store\",\"isPartOf\":{\"@id\":\"https:\/\/www.burritabike.com\/#website\"},\"datePublished\":\"2011-09-13T12:11:45+00:00\",\"dateModified\":\"2023-01-15T16:02:23+00:00\",\"breadcrumb\":{\"@id\":\"https:\/\/www.burritabike.com\/?page_id=9#breadcrumb\"},\"inLanguage\":\"es\",\"potentialAction\":[{\"@type\":\"ReadAction\",\"target\":[\"https:\/\/www.burritabike.com\/?page_id=9\"]}]},{\"@type\":\"BreadcrumbList\",\"@id\":\"https:\/\/www.burritabike.com\/?page_id=9#breadcrumb\",\"itemListElement\":[{\"@type\":\"ListItem\",\"position\":1,\"name\":\"Portada\",\"item\":\"https:\/\/www.burritabike.com\/\"},{\"@type\":\"ListItem\",\"position\":2,\"name\":\"NUESTRAS MARCAS\"}]},{\"@type\":\"WebSite\",\"@id\":\"https:\/\/www.burritabike.com\/#website\",\"url\":\"https:\/\/www.burritabike.com\/\",\"name\":\"Burrita Bike Store\",\"description\":\"Pasi\u00f3n por el Ciclismo\",\"publisher\":{\"@id\":\"https:\/\/www.burritabike.com\/#organization\"},\"potentialAction\":[{\"@type\":\"SearchAction\",\"target\":{\"@type\":\"EntryPoint\",\"urlTemplate\":\"https:\/\/www.burritabike.com\/?s={search_term_string}\"},\"query-input\":\"required name=search_term_string\"}],\"inLanguage\":\"es\"},{\"@type\":\"Organization\",\"@id\":\"https:\/\/www.burritabike.com\/#organization\",\"name\":\"BURRITA BIKE STORE\",\"url\":\"https:\/\/www.burritabike.com\/\",\"logo\":{\"@type\":\"ImageObject\",\"inLanguage\":\"es\",\"@id\":\"https:\/\/www.burritabike.com\/#\/schema\/logo\/image\/\",\"url\":\"https:\/\/www.burritabike.com\/wp-content\/uploads\/2019\/03\/logo-burrita-completo-con-copyrigth.jpg\",\"contentUrl\":\"https:\/\/www.burritabike.com\/wp-content\/uploads\/2019\/03\/logo-burrita-completo-con-copyrigth.jpg\",\"width\":908,\"height\":845,\"caption\":\"BURRITA BIKE STORE\"},\"image\":{\"@id\":\"https:\/\/www.burritabike.com\/#\/schema\/logo\/image\/\"},\"sameAs\":[\"https:\/\/www.instagram.com\/burritabike\/\",\"https:\/\/www.facebook.com\/Burrita-Bike-175649685843399\/\",\"https:\/\/twitter.com\/burritabike\"]}]}<\/script>\n<!-- \/ Yoast SEO plugin. -->","yoast_head_json":{"title":"NUESTRAS MARCAS - Burrita Bike Store","robots":{"index":"index","follow":"follow","max-snippet":"max-snippet:-1","max-image-preview":"max-image-preview:large","max-video-preview":"max-video-preview:-1"},"canonical":"https:\/\/www.burritabike.com\/?page_id=9","og_locale":"es_ES","og_type":"article","og_title":"NUESTRAS MARCAS - Burrita Bike Store","og_description":"La exclusividad de nuestras marcas nos permite garantizar a nuestros clientes servicios y productos&nbsp; l\u00edderes en el sector del ciclismo. Apostamos por marcas que trabajan constantemente en la mejora y renovaci\u00f3n de sus productos y servicios para garantizar la satisfacci\u00f3n de nuestros clientes","og_url":"https:\/\/www.burritabike.com\/?page_id=9","og_site_name":"Burrita Bike Store","article_publisher":"https:\/\/www.facebook.com\/Burrita-Bike-175649685843399\/","article_modified_time":"2023-01-15T16:02:23+00:00","og_image":[{"url":"https:\/\/www.burritabike.com\/wp-content\/uploads\/2021\/02\/Imagen5.png"}],"twitter_card":"summary_large_image","twitter_site":"@burritabike","twitter_misc":{"Tiempo de lectura":"1 minuto"},"schema":{"@context":"https:\/\/schema.org","@graph":[{"@type":"WebPage","@id":"https:\/\/www.burritabike.com\/?page_id=9","url":"https:\/\/www.burritabike.com\/?page_id=9","name":"NUESTRAS MARCAS - Burrita Bike Store","isPartOf":{"@id":"https:\/\/www.burritabike.com\/#website"},"datePublished":"2011-09-13T12:11:45+00:00","dateModified":"2023-01-15T16:02:23+00:00","breadcrumb":{"@id":"https:\/\/www.burritabike.com\/?page_id=9#breadcrumb"},"inLanguage":"es","potentialAction":[{"@type":"ReadAction","target":["https:\/\/www.burritabike.com\/?page_id=9"]}]},{"@type":"BreadcrumbList","@id":"https:\/\/www.burritabike.com\/?page_id=9#breadcrumb","itemListElement":[{"@type":"ListItem","position":1,"name":"Portada","item":"https:\/\/www.burritabike.com\/"},{"@type":"ListItem","position":2,"name":"NUESTRAS MARCAS"}]},{"@type":"WebSite","@id":"https:\/\/www.burritabike.com\/#website","url":"https:\/\/www.burritabike.com\/","name":"Burrita Bike Store","description":"Pasi\u00f3n por el Ciclismo","publisher":{"@id":"https:\/\/www.burritabike.com\/#organization"},"potentialAction":[{"@type":"SearchAction","target":{"@type":"EntryPoint","urlTemplate":"https:\/\/www.burritabike.com\/?s={search_term_string}"},"query-input":"required name=search_term_string"}],"inLanguage":"es"},{"@type":"Organization","@id":"https:\/\/www.burritabike.com\/#organization","name":"BURRITA BIKE STORE","url":"https:\/\/www.burritabike.com\/","logo":{"@type":"ImageObject","inLanguage":"es","@id":"https:\/\/www.burritabike.com\/#\/schema\/logo\/image\/","url":"https:\/\/www.burritabike.com\/wp-content\/uploads\/2019\/03\/logo-burrita-completo-con-copyrigth.jpg","contentUrl":"https:\/\/www.burritabike.com\/wp-content\/uploads\/2019\/03\/logo-burrita-completo-con-copyrigth.jpg","width":908,"height":845,"caption":"BURRITA BIKE STORE"},"image":{"@id":"https:\/\/www.burritabike.com\/#\/schema\/logo\/image\/"},"sameAs":["https:\/\/www.instagram.com\/burritabike\/","https:\/\/www.facebook.com\/Burrita-Bike-175649685843399\/","https:\/\/twitter.com\/burritabike"]}]}},"_links":{"self":[{"href":"https:\/\/www.burritabike.com\/index.php?rest_route=\/wp\/v2\/pages\/9"}],"collection":[{"href":"https:\/\/www.burritabike.com\/index.php?rest_route=\/wp\/v2\/pages"}],"about":[{"href":"https:\/\/www.burritabike.com\/index.php?rest_route=\/wp\/v2\/types\/page"}],"author":[{"embeddable":true,"href":"https:\/\/www.burritabike.com\/index.php?rest_route=\/wp\/v2\/users\/1"}],"replies":[{"embeddable":true,"href":"https:\/\/www.burritabike.com\/index.php?rest_route=%2Fwp%2Fv2%2Fcomments&post=9"}],"version-history":[{"count":43,"href":"https:\/\/www.burritabike.com\/index.php?rest_route=\/wp\/v2\/pages\/9\/revisions"}],"predecessor-version":[{"id":10463,"href":"https:\/\/www.burritabike.com\/index.php?rest_route=\/wp\/v2\/pages\/9\/revisions\/10463"}],"wp:attachment":[{"href":"https:\/\/www.burritabike.com\/index.php?rest_route=%2Fwp%2Fv2%2Fmedia&parent=9"}],"curies":[{"name":"wp","href":"https:\/\/api.w.org\/{rel}","templated":true}]}}