{"id":11358,"date":"2024-10-29T10:37:17","date_gmt":"2024-10-29T10:37:17","guid":{"rendered":"https:\/\/www.burritabike.com\/?page_id=11358"},"modified":"2024-10-29T10:58:11","modified_gmt":"2024-10-29T10:58:11","slug":"kross-level-5-0","status":"publish","type":"page","link":"https:\/\/www.burritabike.com\/?page_id=11358","title":{"rendered":"KROSS LEVEL 5.0"},"content":{"rendered":"\n<figure class=\"wp-block-gallery has-nested-images columns-default is-cropped wp-block-gallery-1 is-layout-flex\">\n<figure class=\"wp-block-image size-full\"><a href=\"https:\/\/www.burritabike.com\/wp-content\/uploads\/2024\/10\/38_2F38477_2FKRLV5Z29X22M002358-KR-Level-50-XXL-czarny-srebrny-po_C5_82ysk-g_2_1_2.jpg\"><img decoding=\"async\" loading=\"lazy\" width=\"700\" height=\"700\" data-id=\"11359\"  src=\"https:\/\/www.burritabike.com\/wp-content\/uploads\/2024\/10\/38_2F38477_2FKRLV5Z29X22M002358-KR-Level-50-XXL-czarny-srebrny-po_C5_82ysk-g_2_1_2.jpg\" alt=\"\" class=\"wp-image-11359\" srcset=\"https:\/\/www.burritabike.com\/wp-content\/uploads\/2024\/10\/38_2F38477_2FKRLV5Z29X22M002358-KR-Level-50-XXL-czarny-srebrny-po_C5_82ysk-g_2_1_2.jpg 700w, https:\/\/www.burritabike.com\/wp-content\/uploads\/2024\/10\/38_2F38477_2FKRLV5Z29X22M002358-KR-Level-50-XXL-czarny-srebrny-po_C5_82ysk-g_2_1_2-300x300.jpg 300w, https:\/\/www.burritabike.com\/wp-content\/uploads\/2024\/10\/38_2F38477_2FKRLV5Z29X22M002358-KR-Level-50-XXL-czarny-srebrny-po_C5_82ysk-g_2_1_2-150x150.jpg 150w, https:\/\/www.burritabike.com\/wp-content\/uploads\/2024\/10\/38_2F38477_2FKRLV5Z29X22M002358-KR-Level-50-XXL-czarny-srebrny-po_C5_82ysk-g_2_1_2-144x144.jpg 144w\" sizes=\"(max-width: 700px) 100vw, 700px\" \/><\/a><\/figure>\n\n\n\n<figure class=\"wp-block-image size-full\"><a href=\"https:\/\/www.burritabike.com\/wp-content\/uploads\/2024\/10\/F38_2F38481_2FKRLV5Z29X17M002361-KR-Level-50-niebieski-srebrny-po_C5_82ysk-g_2_1_2.jpg\"><img decoding=\"async\" loading=\"lazy\" width=\"700\" height=\"700\" data-id=\"11363\"  src=\"https:\/\/www.burritabike.com\/wp-content\/uploads\/2024\/10\/F38_2F38481_2FKRLV5Z29X17M002361-KR-Level-50-niebieski-srebrny-po_C5_82ysk-g_2_1_2.jpg\" alt=\"\" class=\"wp-image-11363\" srcset=\"https:\/\/www.burritabike.com\/wp-content\/uploads\/2024\/10\/F38_2F38481_2FKRLV5Z29X17M002361-KR-Level-50-niebieski-srebrny-po_C5_82ysk-g_2_1_2.jpg 700w, https:\/\/www.burritabike.com\/wp-content\/uploads\/2024\/10\/F38_2F38481_2FKRLV5Z29X17M002361-KR-Level-50-niebieski-srebrny-po_C5_82ysk-g_2_1_2-300x300.jpg 300w, https:\/\/www.burritabike.com\/wp-content\/uploads\/2024\/10\/F38_2F38481_2FKRLV5Z29X17M002361-KR-Level-50-niebieski-srebrny-po_C5_82ysk-g_2_1_2-150x150.jpg 150w, https:\/\/www.burritabike.com\/wp-content\/uploads\/2024\/10\/F38_2F38481_2FKRLV5Z29X17M002361-KR-Level-50-niebieski-srebrny-po_C5_82ysk-g_2_1_2-144x144.jpg 144w\" sizes=\"(max-width: 700px) 100vw, 700px\" \/><\/a><\/figure>\n<\/figure>\n\n\n\n<p><strong>PRECIO OUTLET: 899 \u20ac IVA INCLUIDO PRECIO ANTERIOR:1.299\u20ac IVA INCLUIDO <\/strong><\/p>\n\n\n\n<p>TALLA L<strong> <\/strong>AZUL <\/p>\n\n\n\n<p>TALLA XL NEGRO <\/p>\n\n\n\n<figure class=\"wp-block-table\"><table><tbody><tr><th>MATERIAL DEL MARCO<\/th><td>ALUMINIO LITE<\/td><\/tr><tr><th>HORQUILLA<\/th><td>SR SUNTOUR XCR 32 RLR AIRE<\/td><\/tr><tr><th>CAMBIO TRASERO<\/th><td>SHIMANO DEORE M5100<\/td><\/tr><tr><th>CAMBIADORES DE MARCHA<\/th><td>SHIMANO DEORE M5100<\/td><\/tr><tr><th>CIG\u00dcE\u00d1ALES<\/th><td>SHIMANO DEORE M5100<\/td><\/tr><tr><th>PU\u00d1OS<\/th><td>ESCALA DE KROSS<\/td><\/tr><tr><th>FRENO TRASERO<\/th><td>NIVEL SRAM<\/td><\/tr><tr><th>PALANCAS DE FRENO<\/th><td>NIVEL SRAM<\/td><\/tr><tr><th>PEDALIER<\/th><td>SHIMANO BSA BB52<\/td><\/tr><tr><th>LLANTAS<\/th><td>Neum\u00e1tico Schwalbe Rapid Rob 29&#215;2,25<\/td><\/tr><tr><th>LLANTAS<\/th><td>Cruz<\/td><\/tr><tr><th>ASIENTO<\/th><td>SELLE ROYAL<\/td><\/tr><tr><th>FRENO DELANTERO<\/th><td>NIVEL SRAM<\/td><\/tr><tr><th>DISCOS DE FRENO<\/th><td>SHIMANO (160)<\/td><\/tr><tr><th>AURICULARES<\/th><td>FP-H813PL 1-1\/8&#8243;<\/td><\/tr><tr><th>N\u00daMERO DE VELOCIDADES<\/th><td>11<\/td><\/tr><tr><th>GAMA DE CASSETTE\/RUEDA LIBRE<\/th><td>11-51T<\/td><\/tr><tr><th>CASSETTE \/ RUEDA LIBRE<\/th><td>SHIMANO DEORE M5100<\/td><\/tr><tr><th>RECORRIDO DE LA HORQUILLA<\/th><td>100 mm<\/td><\/tr><tr><th>TIJA DE SILL\u00cdN<\/th><td>ALUMINIO\/ (S-27,2X350MM, M-27,2X350MM, L-27,2X350MM, XL-27,2X350MM, XXL-27,2X400MM)<\/td><\/tr><tr><th>RECOPILACI\u00d3N<\/th><td>2023<\/td><\/tr><tr><th>G\u00e9nero<\/th><td>Unisexo<\/td><\/tr><\/tbody><\/table><\/figure>\n","protected":false},"excerpt":{"rendered":"<p>PRECIO OUTLET: 899 \u20ac IVA INCLUIDO PRECIO ANTERIOR:1.299\u20ac IVA INCLUIDO TALLA L AZUL TALLA XL NEGRO MATERIAL DEL MARCO ALUMINIO LITE HORQUILLA SR SUNTOUR XCR 32 RLR AIRE CAMBIO TRASERO SHIMANO DEORE M5100 CAMBIADORES DE MARCHA SHIMANO DEORE M5100 CIG\u00dcE\u00d1ALES SHIMANO DEORE M5100 PU\u00d1OS ESCALA DE KROSS FRENO TRASERO NIVEL SRAM PALANCAS DE FRENO NIVEL [&hellip;]<\/p>\n","protected":false},"author":3,"featured_media":0,"parent":0,"menu_order":0,"comment_status":"closed","ping_status":"closed","template":"","meta":{"_mi_skip_tracking":false,"_themeisle_gutenberg_block_has_review":false},"yoast_head":"<!-- This site is optimized with the Yoast SEO plugin v19.14 - https:\/\/yoast.com\/wordpress\/plugins\/seo\/ -->\n<title>KROSS LEVEL 5.0 - Burrita Bike Store<\/title>\n<meta name=\"robots\" content=\"index, follow, max-snippet:-1, max-image-preview:large, max-video-preview:-1\" \/>\n<link rel=\"canonical\" href=\"https:\/\/www.burritabike.com\/?page_id=11358\" \/>\n<meta property=\"og:locale\" content=\"es_ES\" \/>\n<meta property=\"og:type\" content=\"article\" \/>\n<meta property=\"og:title\" content=\"KROSS LEVEL 5.0 - Burrita Bike Store\" \/>\n<meta property=\"og:description\" content=\"PRECIO OUTLET: 899 \u20ac IVA INCLUIDO PRECIO ANTERIOR:1.299\u20ac IVA INCLUIDO TALLA L AZUL TALLA XL NEGRO MATERIAL DEL MARCO ALUMINIO LITE HORQUILLA SR SUNTOUR XCR 32 RLR AIRE CAMBIO TRASERO SHIMANO DEORE M5100 CAMBIADORES DE MARCHA SHIMANO DEORE M5100 CIG\u00dcE\u00d1ALES SHIMANO DEORE M5100 PU\u00d1OS ESCALA DE KROSS FRENO TRASERO NIVEL SRAM PALANCAS DE FRENO NIVEL [&hellip;]\" \/>\n<meta property=\"og:url\" content=\"https:\/\/www.burritabike.com\/?page_id=11358\" \/>\n<meta property=\"og:site_name\" content=\"Burrita Bike Store\" \/>\n<meta property=\"article:publisher\" content=\"https:\/\/www.facebook.com\/Burrita-Bike-175649685843399\/\" \/>\n<meta property=\"article:modified_time\" content=\"2024-10-29T10:58:11+00:00\" \/>\n<meta property=\"og:image\" content=\"https:\/\/www.burritabike.com\/wp-content\/uploads\/2024\/10\/38_2F38477_2FKRLV5Z29X22M002358-KR-Level-50-XXL-czarny-srebrny-po_C5_82ysk-g_2_1_2.jpg\" \/>\n<meta name=\"twitter:card\" content=\"summary_large_image\" \/>\n<meta name=\"twitter:site\" content=\"@burritabike\" \/>\n<meta name=\"twitter:label1\" content=\"Tiempo de lectura\" \/>\n\t<meta name=\"twitter:data1\" content=\"1 minuto\" \/>\n<script type=\"application\/ld+json\" class=\"yoast-schema-graph\">{\"@context\":\"https:\/\/schema.org\",\"@graph\":[{\"@type\":\"WebPage\",\"@id\":\"https:\/\/www.burritabike.com\/?page_id=11358\",\"url\":\"https:\/\/www.burritabike.com\/?page_id=11358\",\"name\":\"KROSS LEVEL 5.0 - Burrita Bike Store\",\"isPartOf\":{\"@id\":\"https:\/\/www.burritabike.com\/#website\"},\"datePublished\":\"2024-10-29T10:37:17+00:00\",\"dateModified\":\"2024-10-29T10:58:11+00:00\",\"breadcrumb\":{\"@id\":\"https:\/\/www.burritabike.com\/?page_id=11358#breadcrumb\"},\"inLanguage\":\"es\",\"potentialAction\":[{\"@type\":\"ReadAction\",\"target\":[\"https:\/\/www.burritabike.com\/?page_id=11358\"]}]},{\"@type\":\"BreadcrumbList\",\"@id\":\"https:\/\/www.burritabike.com\/?page_id=11358#breadcrumb\",\"itemListElement\":[{\"@type\":\"ListItem\",\"position\":1,\"name\":\"Portada\",\"item\":\"https:\/\/www.burritabike.com\/\"},{\"@type\":\"ListItem\",\"position\":2,\"name\":\"KROSS LEVEL 5.0\"}]},{\"@type\":\"WebSite\",\"@id\":\"https:\/\/www.burritabike.com\/#website\",\"url\":\"https:\/\/www.burritabike.com\/\",\"name\":\"Burrita Bike Store\",\"description\":\"Pasi\u00f3n por el Ciclismo\",\"publisher\":{\"@id\":\"https:\/\/www.burritabike.com\/#organization\"},\"potentialAction\":[{\"@type\":\"SearchAction\",\"target\":{\"@type\":\"EntryPoint\",\"urlTemplate\":\"https:\/\/www.burritabike.com\/?s={search_term_string}\"},\"query-input\":\"required name=search_term_string\"}],\"inLanguage\":\"es\"},{\"@type\":\"Organization\",\"@id\":\"https:\/\/www.burritabike.com\/#organization\",\"name\":\"BURRITA BIKE STORE\",\"url\":\"https:\/\/www.burritabike.com\/\",\"logo\":{\"@type\":\"ImageObject\",\"inLanguage\":\"es\",\"@id\":\"https:\/\/www.burritabike.com\/#\/schema\/logo\/image\/\",\"url\":\"https:\/\/www.burritabike.com\/wp-content\/uploads\/2019\/03\/logo-burrita-completo-con-copyrigth.jpg\",\"contentUrl\":\"https:\/\/www.burritabike.com\/wp-content\/uploads\/2019\/03\/logo-burrita-completo-con-copyrigth.jpg\",\"width\":908,\"height\":845,\"caption\":\"BURRITA BIKE STORE\"},\"image\":{\"@id\":\"https:\/\/www.burritabike.com\/#\/schema\/logo\/image\/\"},\"sameAs\":[\"https:\/\/www.instagram.com\/burritabike\/\",\"https:\/\/www.facebook.com\/Burrita-Bike-175649685843399\/\",\"https:\/\/twitter.com\/burritabike\"]}]}<\/script>\n<!-- \/ Yoast SEO plugin. -->","yoast_head_json":{"title":"KROSS LEVEL 5.0 - Burrita Bike Store","robots":{"index":"index","follow":"follow","max-snippet":"max-snippet:-1","max-image-preview":"max-image-preview:large","max-video-preview":"max-video-preview:-1"},"canonical":"https:\/\/www.burritabike.com\/?page_id=11358","og_locale":"es_ES","og_type":"article","og_title":"KROSS LEVEL 5.0 - Burrita Bike Store","og_description":"PRECIO OUTLET: 899 \u20ac IVA INCLUIDO PRECIO ANTERIOR:1.299\u20ac IVA INCLUIDO TALLA L AZUL TALLA XL NEGRO MATERIAL DEL MARCO ALUMINIO LITE HORQUILLA SR SUNTOUR XCR 32 RLR AIRE CAMBIO TRASERO SHIMANO DEORE M5100 CAMBIADORES DE MARCHA SHIMANO DEORE M5100 CIG\u00dcE\u00d1ALES SHIMANO DEORE M5100 PU\u00d1OS ESCALA DE KROSS FRENO TRASERO NIVEL SRAM PALANCAS DE FRENO NIVEL [&hellip;]","og_url":"https:\/\/www.burritabike.com\/?page_id=11358","og_site_name":"Burrita Bike Store","article_publisher":"https:\/\/www.facebook.com\/Burrita-Bike-175649685843399\/","article_modified_time":"2024-10-29T10:58:11+00:00","og_image":[{"url":"https:\/\/www.burritabike.com\/wp-content\/uploads\/2024\/10\/38_2F38477_2FKRLV5Z29X22M002358-KR-Level-50-XXL-czarny-srebrny-po_C5_82ysk-g_2_1_2.jpg"}],"twitter_card":"summary_large_image","twitter_site":"@burritabike","twitter_misc":{"Tiempo de lectura":"1 minuto"},"schema":{"@context":"https:\/\/schema.org","@graph":[{"@type":"WebPage","@id":"https:\/\/www.burritabike.com\/?page_id=11358","url":"https:\/\/www.burritabike.com\/?page_id=11358","name":"KROSS LEVEL 5.0 - Burrita Bike Store","isPartOf":{"@id":"https:\/\/www.burritabike.com\/#website"},"datePublished":"2024-10-29T10:37:17+00:00","dateModified":"2024-10-29T10:58:11+00:00","breadcrumb":{"@id":"https:\/\/www.burritabike.com\/?page_id=11358#breadcrumb"},"inLanguage":"es","potentialAction":[{"@type":"ReadAction","target":["https:\/\/www.burritabike.com\/?page_id=11358"]}]},{"@type":"BreadcrumbList","@id":"https:\/\/www.burritabike.com\/?page_id=11358#breadcrumb","itemListElement":[{"@type":"ListItem","position":1,"name":"Portada","item":"https:\/\/www.burritabike.com\/"},{"@type":"ListItem","position":2,"name":"KROSS LEVEL 5.0"}]},{"@type":"WebSite","@id":"https:\/\/www.burritabike.com\/#website","url":"https:\/\/www.burritabike.com\/","name":"Burrita Bike Store","description":"Pasi\u00f3n por el Ciclismo","publisher":{"@id":"https:\/\/www.burritabike.com\/#organization"},"potentialAction":[{"@type":"SearchAction","target":{"@type":"EntryPoint","urlTemplate":"https:\/\/www.burritabike.com\/?s={search_term_string}"},"query-input":"required name=search_term_string"}],"inLanguage":"es"},{"@type":"Organization","@id":"https:\/\/www.burritabike.com\/#organization","name":"BURRITA BIKE STORE","url":"https:\/\/www.burritabike.com\/","logo":{"@type":"ImageObject","inLanguage":"es","@id":"https:\/\/www.burritabike.com\/#\/schema\/logo\/image\/","url":"https:\/\/www.burritabike.com\/wp-content\/uploads\/2019\/03\/logo-burrita-completo-con-copyrigth.jpg","contentUrl":"https:\/\/www.burritabike.com\/wp-content\/uploads\/2019\/03\/logo-burrita-completo-con-copyrigth.jpg","width":908,"height":845,"caption":"BURRITA BIKE STORE"},"image":{"@id":"https:\/\/www.burritabike.com\/#\/schema\/logo\/image\/"},"sameAs":["https:\/\/www.instagram.com\/burritabike\/","https:\/\/www.facebook.com\/Burrita-Bike-175649685843399\/","https:\/\/twitter.com\/burritabike"]}]}},"_links":{"self":[{"href":"https:\/\/www.burritabike.com\/index.php?rest_route=\/wp\/v2\/pages\/11358"}],"collection":[{"href":"https:\/\/www.burritabike.com\/index.php?rest_route=\/wp\/v2\/pages"}],"about":[{"href":"https:\/\/www.burritabike.com\/index.php?rest_route=\/wp\/v2\/types\/page"}],"author":[{"embeddable":true,"href":"https:\/\/www.burritabike.com\/index.php?rest_route=\/wp\/v2\/users\/3"}],"replies":[{"embeddable":true,"href":"https:\/\/www.burritabike.com\/index.php?rest_route=%2Fwp%2Fv2%2Fcomments&post=11358"}],"version-history":[{"count":2,"href":"https:\/\/www.burritabike.com\/index.php?rest_route=\/wp\/v2\/pages\/11358\/revisions"}],"predecessor-version":[{"id":11364,"href":"https:\/\/www.burritabike.com\/index.php?rest_route=\/wp\/v2\/pages\/11358\/revisions\/11364"}],"wp:attachment":[{"href":"https:\/\/www.burritabike.com\/index.php?rest_route=%2Fwp%2Fv2%2Fmedia&parent=11358"}],"curies":[{"name":"wp","href":"https:\/\/api.w.org\/{rel}","templated":true}]}}